 4?
-5
What is 2 - -6 - (37 - 35)?
6
Calculate 1 + 4 - (-1 - -10).
-4
Calculate (-5 - -3) + 13 + -3.
8
What is the value of -5 - (-1 + -1) - (2 - -2)?
-7
What is the value of (4 + -3 + -4 - -1) + 0?
-2
Evaluate 2 - 0 - (1 + -1).
2
What is the value of 7 - -5 - (15 + -6)?
3
Calculate 0 + 1 + -5 + 6.
2
What is the value of -4 + 5 + 1 + -1 + 2?
3
Calculate (-2 - 1) + 0 + (-7 - -3).
-7
What is -5 + (3 - 1 - (-3 - 3))?
3
Calculate -12 + 7 - (-6 + 2) - -5.
4
Calculate -6 + 11 + -13 + 5 + -1.
-4
Evaluate 7 - (9 - (0 + 6)).
4
What is the value of 8 + 0 + (-159 - -162)?
11
Calculate 4 + (3 - 8) + 1.
0
(-15 - -4) + (6 - -4)
-1
(3 - 6) + 1 + 6
4
What is 4 - (-4 - (-3 + 1) - -2)?
4
Calculate -2 - (8 + -15) - (-2 + 7).
0
(-1 - (6 + -15)) + (-4 - 0)
4
Calculate -3 + 7 + (2 - (0 + 1)).
5
Evaluate (7 - 3) + (-5 + 6 - 3).
2
Evaluate (-2 - -7) + (0 - -3) + -4.
4
Evaluate 2 + 4 + -6 + 0 + 3.
3
Calculate -10 + -2 - (-4 + 3 + -6).
-5
-10 + -19 + 7 + 26
4
What is the value of -5 - (1 - 11 - (5 + -5))?
5
-6 - (-11 + 7 - 1)
-1
Evaluate 0 + -4 - (-4 - (4 + 1)).
5
2 - -1 - (7 - 1)
-3
Evaluate 7 + (-8 - -4) - (2 - 1).
2
Calculate -2 - (0 + (3 - -1 - 7)).
1
Evaluate -9 - (0 - (3 - -5)).
-1
-4 + -4 + 5 + 1
-2
What is (21 - 16) + (2 - 9) + 2?
0
(-6 - -8) + -3 + 6
5
-28 + 20 + 9 - (-5 + 0)
6
Calculate (5 - (-10 - -10)) + (-4 - -3).
4
Calculate -3 + (5 - (-3 - -7)).
-2
Evaluate (4 - (2 + -2)) + -9.
-5
(-3 - 1) + (10 - (-8 + 11))
3
What is (-5 + -4 - -1) + 6?
-2
3 + -4 - -1 - -2 - 6
-4
2 + -5 - (-11 + (17 - 9))
0
What is the value of 17 - (4 - -4) - 3?
6
Evaluate (-10 - -19) + -7 + -10.
-8
Calculate -2 - 0 - (222 + -224).
0
What is 9 + -5 + -6 - (-1 - -1)?
-2
What is -2 + 9 + -11 - -7?
3
Evaluate -2 - -1 - (12 - (18 + -5)).
0
What is (-20 - (-9 + 0)) + 7?
-4
Evaluate 5 + 2 + (5 - 11).
1
Evaluate 11 + -13 + (3 - 4) + 7.
4
2 + (-2 + (6 - 4) - 0)
2
Evaluate 29 + -39 - ((-5 - -3) + -3).
-5
Evaluate 2 + (-1 - (0 + -2 + -1)).
4
-2 - -3 - (-26 + 35)
-8
Calculate (-3 - -8) + -2 + 0.
3
(-2 - (-4 - (-5 + 5))) + -3
-1
What is the value of 7 + (-2 - 13) + 10?
2
Evaluate (-13 - -7) + 1 - (2 - 7).
0
What is 1 - (5 + -13 + 9)?
0
Evaluate -5 - (-3 + 1 - (4 + -5)).
-4
Evaluate 5 - -1 - 3 - -2.
5
What is (9 - (-9 - -23)) + -1?
-6
Evaluate (-6 - 1 - 6) + 23.
10
What is the value of (-1 - 0) + (6 - 0) - 3?
2
Evaluate 7 + -2 - (-15 - -10).
10
10 - (-4 - (-10 - -3))
7
What is -12 + 9 - -4 - 1?
0
What is the value of -4 + (11 - (5 - 1))?
3
What is the value of 3 + -4 + 2 + -5 + 1?
-3
Evaluate (-6 - (4 + -22) - 7) + -3.
2
Evaluate -38 - -49 - (7 + -1).
5
-42 - -41 - (-8 + -1)
8
Evaluate 4 - (-1 - (-2 - -2)) - 4.
1
Calculate 1 - (-1 + (2 - 4)).
4
What is 24 + -21 - (19 + -8)?
-8
-5 + -7 + 0 + 6 + 5
-1
What is 1 + 0 + -5 + 2?
-2
What is (-7 - 0 - 6 - -3) + 4?
-6
0 - (-4 + -3 + 12)
-5
-1 + (-1 - 1 - -4) + 1
2
9 + -8 + -2 + 2
1
What is the value of 2 - (10 + -10 + 5)?
-3
Evaluate -5 + (-5 + 16 - 7 - 1).
-2
What is -5 + -6 + 5 + (2 - 0)?
-4
Calculate (4 - 12 - 0) + 7.
-1
What is -2 + -5 + 9 + 1?
3
Evaluate 2 + 1 + 1 + (0 - 2).
2
-3 + (3 - (-4 - -1))
3
Calculate (-3 - 1) + 9 - (5 + -2).
2
-7 + 7 - (3 + 1)
-4
Evaluate (-4 - 0) + -2 - -14.
8
(5 - (13 + -1)) + 4 + -1
-4
Evaluate 0 + 3 - (-76 + 86).
-7
Evaluate -5 - -8 - (-1 + 4).
0
What is the value of (0 - 5) + 4 + 0?
-1
(5 - 4) + (-1 - 2)
-2
(1 - (-5 - (-2 + -1))) + -3
0
-2 + (5 - 1) + -3
-1
What is the value of 2 + (9 - 11) + 0 + 1?
1
What is 4 - (-1 + -3 - (-9 + 6))?
5
Evaluate 5 - (13 + (-7 - -3)) - -4.
0
Calculate -6 - (-3 - 5) - 6.
-4
What is (2 - (-3 + -2)) + -5?
2
0 - ((6 - -1) + -4)
-3
-11 - -4 - (-13 + 8)
-2
What is the value of 4 - ((-16 - -11) + 1)?
8
(-1 - -4 - -2) + -5 - 6
-6
What is -6 + 12 - (5 - (4 + -6))?
-1
Evaluate 3 + -4 - -1 - -3.
3
-13 - -12 - ((5 - 18) + 5)
7
What is the value of -4 + (1 + -9 - -12)?
0
What is the value of 10 - 4 - 0 - 4?
2
Evaluate -12 - (-22 + 7 - -14).
-11
Evaluate (2 - 2) + (8 - (4 - 1)).
5
Calculate (5 - (9 + 0 + -5)) + -6.
-5
What is the value of -9 + 4 + -6 + -2 + 6?
-7
What is 1 + (-4 - -11) + -1?
7
Evaluate 7 - (-1 - -6) - 0 - -4.
6
3 + (-4 - 0) + 2
1
What is -4 - (-9 - -6 - (-2 - -8))?
5
What is the value of -9 - -9 - (2 + -5)?
3
5 + (-5 - (-5 + 1))
4
Evaluate 2 - 4 - (0 - (-9 + 11)).
0
1 + -5 + (5 - -2 - 5)
-2
What is the value of (0 - (-3 - 0)) + -4?
-1
Evaluate (5 - -2) + -2 + 0 + -1.
4
Evaluate 6 - 1 - (19 + -13).
-1
What is the value of -1 + -2 + (0 - -1)?
-2
5 + (-5 - 3 - (-4 + 2))
-1
What is the value of 0 - (-5 + (3 - 3))?
5
(0 - (7 - 2)) + 3 + -2
-4
What is (-1 - -1) + -3 + (0 - 0)?
-3
What is 6 + -15 + (13 - 0)?
4
Evaluate -4 + -1 + -2 + 9 + -1.
1
What is 19 + -19 - (1 + 2 - 1)?
-2
0 + 0 + -3 - 0 - -3
0
Evaluate 2 + (-12 + 31 - 12).
9
What is 5 - (6 - 5 - -4)?
0
4 + (-4 - (4 - 5 - -1))
0
Evaluate (2 - (2 + -1)) + (103 - 101).
3
What is the value of -4 + 8 + -2 - -4 - 2?
4
What is the value of 5 + -11 + 0 - (1 + -8)?
1
-6 + 6 + (-5 - -5)
0
What is 7 - (-2 - -10) - 2 - 3?
-6
What is -2 + 1 + 8 + -3?
4
What is -7 + 8 + 9 + -6?
4
Calculate (-2 + (4 - -1) - 6) + 1.
-2
What is 1 + 1 + -1 + 4 + -7?
-2
What is the value of 0 + 1 + (11 - 7)?
5
(7 - 9) + 5 + -1
2
What is -3 + (-8 - (-1 - 9))?
-1
Evaluate 5 + (-7 + 4 - 3).
-1
What is the value of -3 - 16 - (20 + -35)?
-4
What is the value of 1 - (18 - 10 - 11)?
4
What is the value of -2 + (15 + -6 - -1)?
8
5 - (18 + -8 + -8)
3
What is the value of -1 - 5 - (4 + -7 + -3)?
0
Evaluate (2 - 1) + 0 + -3.
-2
What is (13 - 3) + -4 - 7?
-1
-2 - ((-10 - -11) + -1 + -7)
5
Calculate 8 - (7 + 7 + -2).
-4
What is (-1 - 4) + -4 + 5?
-4
Evaluate 23 + -27 + (-4 - -8).
0
What is the value of -3 - 8 - (-17 - 4)?
10
Evaluate 2 + (6 - 7 - 5).
-4
Evaluate 0 - (2 + -2) - (1 - 0).
-1
Calculate 0 + 2 + 6 + -12.
-4
4 + -3 + 3 + -4 - -1
1
Calculate 12 - 11 - (-2 - 0) - 4.
-1
Evaluate -8 + -1 + 5 - -7.
3
Calculate 1 + 2 - (-5 + 7).
1
What is the value of -9 - (-14 + 1) - (5 + -2)?
1
(-7 - 4) + 2 + 4
-5
-3 - (-1 - (3 + -3))
-2
What is -24 + 23 - (1 + 2)?
-4
What is the value of 1 - -4 - (1 + 3 + -1)?
2
Evaluate -4 - (0 - 4) - -2.
2
What is -1 + 3 + 2 + (-7 - -2)?
-1
Calculate 10 + -9 - (5 + 1).
-5
What is the value of -2 + (1 - 0) + (4 - 0)?
3
What is 1 + -5 + -2 + 2?
-4
Evaluate 3 + 1 + 0 + 0.
4
Evaluate 2 + (0 - 9 - 0) + 5.
-2
What is the value of (38 - 37) + -4 + -3?
-6
What is 5 + 3 + 2 + -6?
4
What is the value of 1 + 1 - ((8 - 2) + -7)?
3
Calculate -4 - (0 - 4) - (-8 + 6).
2
Calculate 6 + -6 + 5 - -1.
6
What is -9 - (-2 - 7) - (3 - -1)?
-4
Calculate -189 + 180 + (13 - -1).
5
Evaluate -2 + (1 + -7 - (2 - 5)).
-5
Calculate 7 + -8 + 4 - -3 - 3.
3
Evaluate (3 - 5) + -2 - (-4 - 2).
2
3 + (19 - 2) - 14
6
-12 + 10 - (0 + 0 + -6)
4
What is the value of 5 + (-5 + -5 - -8) + 2?
5
What is 5 + 0 + 0 + 2?
7
Evaluate -2 + 3 + (-4 - -2).
-1
What is the value of (-1 - 3) + 14 + -11 + 8?
7
What is -4 + (-3 - (-7 + 6) - 3)?
-9
What is -7 + (7 - 6) + 7?
1
-1 + -8 + 0 - (64 + -68)
-5
What is 4 - (-1 + 8 - 2 - 3)?
2
Evaluate -4 - (3 - (-1 + 5)).
-3
5 - 4 - -6 - 7
0
What is the value of -6 + 0 + (-3 - -4) + 2?
-3
Calculate (-3 - 1) + 12 + 0.
8
7 + (-2 - -2) + -2 - -4
9
What is the value of (-22 - -19) + (5 - 0)?
2
What is 14 + -9 - (2 - 3)?
6
1 + (2 + -3 - 5)
-5
(-1 - 2) + (-3 + -1 - -4)
-3
Evaluate (3 - (-8 - -14)) + -2.
-5
Calculate 7 - 2 - (2 - (-4 + 8)).
7
-2 + 8 - (1 + 0 + 0)
5
What is the value of 4 + -3 - -2 - -2?
5
Evaluate (-1 - -5) + -5 + 2.
1
-5 - ((6 - 9) + 2)
-4
What is the value of -5 - -2 - (0 + -5)?
2
What is -4 - (1 - (2 - -3))?
0
Calculate 3 + -5 + 5 + (-4 - -1).
0
Calculate 3 + -5 + 4 + -2 + 2.
2
What is the value of 7 - (-7 - -18) - (1 - 8)?
3
What is -3 - -4 - (2 - (3 - 0))?
2
1 - ((-6 - -7) + 3)
-3
What is (-1 - 0) + (-3 - -5)?
1
(-36 - -50) + (-6 - 2)
6
-3 + (1 - 3) + 3
-2
Evaluate -6 + (2 - 2 - (2 - 6)).
-2
7 - (1 - -8 - (-46 + 53))
5
What is (1 - 1) + 5 + -6 + -3?
-4
What is (-3 + 18 - 5) + -8?
2
Calculate -14 - (11 - 18 - -3).
-10
Evaluate 0 - (-19 - -13) - (1 - -1).
4
What is -11 - ((7 - 9 - 1) + 1)?
-9
What is -1 + 0 + 9 + -4?
4
Calculate -1 - -7 - (8 + -7 + 2).
3
What is the value of -6 - -1 - (-40 - -34)?
1
Calculate (4 + -5 + -1 - 1) + 6.
3
Evaluate 2 + -2 + 3 + -6.
-3
-3 - (7 + (-5 - (-6 + 16)))
5
What is the value of -24 + 26 + (-6 - 1)?
-5
Calculate -2 - (-1 + (2